 4*t - 104 = 0. Let z = t - 7. Calculate the remainder when 18 is divided by z.
0
Let z(r) = 5802*r - 46390. Suppose 0 = 3*s + 1530 - 3630. What is the remainder when s is divided by z(8)?
24
Let z be (-11108)/(-28) - 4/(-14). Suppose 2*b + z = 5*j, 3*j - 5*b - 117 = 106. What is the remainder when j is divided by 22?
15
Calculate the remainder when ((-164)/(-8))/(-1 + (-228)/(-216)) is divided by 42.
33
Suppose 4*k = 4*j - j + 331, -5*k - 2*j = -431. Let z = -43 + k. Let a = 9370 + -9247. What is the remainder when a is divided by z?
39
Suppose -100*y + 99*y = -2*n + 23, 5*n = 4*y + 47. Suppose -103 = -5*k + 192. Calculate the remainder when k is divided by n.
14
Let x = 29 + -13. Suppose 21*z - 26*z - 86 = -3*d, -d + 3*z = -30. Calculate the remainder when d is divided by x.
11
Let v = -25022 + 26577. Calculate the remainder when v is divided by 21.
1
Let g = 21 - 9. Let z(r) = 13*r**2 + 53*r + 59. Calculate the remainder when z(-5) is divided by g.
11
Suppose 2*y + 8 = 614. Suppose -135*f + 1373 + 1306 = 114. What is the remainder when y is divided by f?
18
Let k(t) = -146*t + 4685. Calculate the remainder when 645 is divided by k(32).
8
Suppose -h + 33*j = 31*j - 123, 5*h - 633 = j. Calculate the remainder when 995 is divided by h.
106
Let m(s) = -s**3 + 14*s**2 - s - 9. Let c be m(14). What is the remainder when 15 is divided by 12*2*(-6)/(c - -5)?
7
Let a = -607 - -1355. Calculate the remainder when 2259 is divided by a.
15
Let h(z) = -2*z**3 - 3*z**2 + 10*z - 7. Let w be h(-4). Suppose -184 = w*o - 1273. Calculate the remainder when o is divided by (2/3)/(2/21).
5
Suppose 0 = 18*i - 6 - 66. Suppose -5*c - i*t + 2*t + 1156 = 0, -5*t - 215 = -c. What is the remainder when c is divided by 58?
56
Suppose 63 = -2*z + 73. Suppose c + c - z*o = 43, 2*o - 26 = -4*c. Calculate the remainder when c is divided by 9.
0
Let s = 15 - 6. Let x = -89402 - -90022. Calculate the remainder when x is divided by s.
8
Suppose 0 = 3*c + g - 298, -302*g + 305*g = -2*c + 187. Calculate the remainder when 344 is divided by c.
41
Suppose y + 5*l - 54 = -0*y, y = -2*l + 69. Calculate the remainder when (1 + -3)*y/(-2) is divided by 12/20 + 1818/45.
38
Suppose -4*w - 82 = -4*a + 2*a, -25 = 5*a. Let r = -56 + 22. Let d = w - r. What is the remainder when d is divided by 2?
1
Let o(b) = b**3 - b**2 - 18*b - 6. Let i be o(5). Suppose -5*r - 45 = -i*n, 13*r = 3*n + 8*r - 40. Calculate the remainder when n is divided by 3.
2
Let i(f) = 4*f - 18. Let d = 14 + -5. Let w(q) = -q**3 + 8*q**2 + 9*q + 6. Let m be w(d). Calculate the remainder when 40 is divided by i(m).
4
Let m(p) = 3*p - 20. Let d be ((-24)/(-18))/(190/(-192) - -1). Suppose -69 = -3*o + 3*c, -o = 3*o + 5*c - d. What is the remainder when o is divided by m(9)?
6
Suppose 19*x = 14*x - 180. Let k = x - -63. What is the remainder when (3/(-1))/(3/(-106)) is divided by k?
25
Let g = 67 + -33. Let a = -5803 - -5904. What is the remainder when a is divided by g?
33
Suppose 0 = -0*g + 4*g - 5*a - 21, -17 = -5*g - 3*a. Suppose -g*j + 12*j - 224 = 0. What is the remainder when j is divided by 10?
8
Let l = -120 + 125. Suppose -5*g + 3*j + 69 = -271, 0 = -2*g + l*j + 136. Let a(h) = 5*h**2 - 2*h + 2. What is the remainder when g is divided by a(2)?
14
Let w(m) = 2*m**2 - 6*m**2 - m**2 + 23 - 21 + 2*m. Let q be w(-2). Let g = q + 24. What is the remainder when 7 is divided by g?
1
Let k(b) be the third derivative of 29*b**2 + 0*b + 1/12*b**4 + 17/6*b**3 + 0. Calculate the remainder when 22 is divided by k(-6).
2
Let t(r) = 44*r + 97. Let z be t(-2). Let y(q) = -1 + 4 + 3 - 3 + q. What is the remainder when 32 is divided by y(z)?
8
Calculate the remainder when -10 + 3/((-18)/(-2730)) is divided by 45.
40
Let f be 7/1 + (-3)/((-3)/(-4)). Let w(y) = 30*y - 62. Let o = 257 + -62. What is the remainder when o is divided by w(f)?
27
Let r(x) = 4*x - 51. Let n be r(14). Suppose -4*q = 3*p - 933, -3*q + n*p + 696 = 8*p. What is the remainder when q is divided by 34?
33
Suppose -28*i = -2*i + 360 - 880. Calculate the remainder when (-442)/(-4) + (-2)/4 is divided by i.
10
Let r = -11 + 65. Let d = -39 + r. Let x = -141 + 146. Calculate the remainder when d is divided by x.
0
Let n = 57 + -62. Let m(i) = i**2 - 3*i - 14. What is the remainder when m(n) is divided by 9?
8
Let g be (2/4)/(17/3196). Suppose 2*i = g - 38. What is the remainder when i is divided by 5?
3
Let d(a) = -a**3 + 7*a**2 + 9*a - 8. Let l be d(8). Suppose -189 = -b - 2*b. Calculate the remainder when b is divided by (-1 - l/(-2))*-33.
30
Suppose u = 263*a - 266*a + 192, 2*a + 5*u = 89. Calculate the remainder when a is divided by 8 - 0*(1 + 0).
3
Suppose -i = 4*k + 177 - 228, 5*k - 167 = -3*i. Calculate the remainder when 3067 is divided by i.
58
Let v = 68 - 79. Suppose -4 - 2 = -j. Calculate the remainder when v/(-3*4/(-36)*-1) is divided by j.
3
Calculate the remainder when 143 is divided by ((-9)/2 + 0)*(-10)/3.
8
Suppose 0 = 27*r - 18 - 738. Calculate the remainder when 52 is divided by r.
24
Suppose -2*y + y = -1. Calculate the remainder when (y - 7) + -45 + 136 is divided by (29/2)/((-1)/(-2)).
27
What is the remainder when ((-518)/(-35))/(12/(-10))*-207 is divided by 36?
33
Let r(f) = 41*f**2 + 162*f + 4. Calculate the remainder when r(-5) is divided by (33/2)/(((-12)/(-32))/1).
43
Let g be (-2)/8 - 33/12. Calculate the remainder when 24 + g/(1 + 2) is divided by 4/(-34) - 206/(-17).
11
Let s = -122 + 207. Let l be (-6)/(-2) - 3/((-3)/61). Suppose -m - 14 = -p, 3*m - 6*m = -5*p + l. Calculate the remainder when s is divided by p.
8
Let f be (34/8)/(15/180). Let z = -240 - -352. Let k = z - f. Calculate the remainder when k is divided by 32.
29
Let z(v) = 2*v**2 - 11*v + 19. Let k be z(8). Let w = k + -35. Suppose 4*y + 2*a = 66, 2*a = -2*y + 3*y - w. Calculate the remainder when 33 is divided by y.
15
Let v be -10*1*4/8. Let n(j) = -j**3 - 3*j**2 - 4*j - 53. Let l(u) = 2*u**2 + u + 1. What is the remainder when n(v) is divided by l(-1)?
1
Let o = 15959 + -14868. Calculate the remainder when o is divided by 11.
2
Suppose 5*v - 3 = 4*v. Suppose -14 = -v*x + 5*l, x - 23 = -3*l + l. What is the remainder when 102 is divided by x?
11
Let j(n) = 51*n. Let t = -5 + 4. Let d be j(t). Let m = d + 101. What is the remainder when m is divided by 19?
12
Let x(z) = -8*z + 353. Calculate the remainder when 4444 is divided by x(41).
19
Suppose -180 = -2*q + 18*b - 14*b, 0 = 5*b. What is the remainder when 197 is divided by q?
17
Let m(g) = 49*g**3 - g**2 - 1. Let q be 4 + 1/(-1) + (3 - 5). What is the remainder when m(q) is divided by 13?
8
Suppose -2*f + 69 + 12 = 3*k, -69 = -3*k - 4*f. What is the remainder when 1759 is divided by k?
23
Let a(q) = 1515*q + 1544. What is the remainder when 238 is divided by a(-1)?
6
Suppose 153*z - 141*z - 540 = 0. Let r = 290 + -155. Suppose 6*g + z = r. Calculate the remainder when g is divided by 10.
5
Let g be 8/28 - 5/(105/6). Let z(j) = -11 + 10*j + 4*j**2 + g*j**2 + 30. Calculate the remainder when z(-4) is divided by 5.
3
Calculate the remainder when ((-12)/(-21))/((-6)/135)*-42 is divided by 99.
45
Let v be ((-4)/7)/((-4)/14). Suppose -5*y = -3*n + 1236 - 377, 0 = y + v*n + 164. Calculate the remainder when y/15*-6 + 1 is divided by 36.
33
Suppose -10*t + 4 = -11*t - 3*p, 5*p = 5*t + 20. Calculate the remainder when 25 is divided by (t - -2)/(-2)*7.
4
Let z = -2763 - -9135. Suppose -8*m = 28*m - z. Calculate the remainder when m is divided by 45.
42
Suppose -41*z = -25*z - 1760. Suppose -7*s + z = -2*s. What is the remainder when 77 is divided by s?
11
Let o be 1/3 - (-3640)/6. Let m = -394 + o. What is the remainder when m is divided by 37?
28
Let w be (-14)/56 + ((-43)/4 - -2). Let h be -4 + (-42)/w - (-32)/6. Suppose h*z - 4*z = 4. What is the remainder when 7 is divided by z?
1
Suppose 22*d + 1786 - 4382 = 0. Calculate the remainder when 324 is divided by d.
88
Suppose z = -3 + 7. Suppose 22 = -2*k - 142. Let b = 100 + k. Calculate the remainder when b is divided by z.
2
Let u = -209 - -214. Suppose -u*j = -1016 + 226. What is the remainder when j is divided by 5?
3
Let f(c) = -c - 1. Let b(n) = -23*n**2 + 10*n + 3. Let g(s) = b(s) + 6*f(s). Let x be g(3). Calculate the remainder when ((-4)/12)/(3/x) is divided by 6